l) = -l**2 + 6*l + 1 + 1 - 9. Let c be (-15)/(-2)*6/9. Determine j(c).
-2
Let l(k) = k**3 + 11*k**2 + k + 13. Let y be l(-11). Let b be y/(-1) - -1 - -1. Let f(g) = -3*g + b*g + 2 - 2. Give f(1).
-3
Suppose -2*c + 25 = 3*c. Suppose -4*a + 20 = a. Let w(g) = 7 + g + 2*g - a*g. What is w(c)?
2
Let f(m) = m**3 - 7*m**2 + 4*m + 8. Let d be (-2)/(-7) - (-16)/(-7). Let s = 1 + d. Let j = 5 - s. Give f(j).
-4
Let v(t) = 5 + 6*t - 7*t + 0*t. Let f be v(9). Let c(q) be the third derivative of q**6/120 + q**5/12 + q**4/4 + q**3/6 - 2*q**2. Determine c(f).
-7
Let j(r) be the third derivative of r**7/5040 - 7*r**6/360 + r**5/12 - 3*r**2. Let s(m) be the third derivative of j(m). Give s(6).
-8
Let m(w) be the first derivative of -1 + 1/4*w**4 + 6*w**2 - 4*w**3 - 13*w. Let d be m(11). Let j(x) = x**2 - 3*x - 3. Give j(d).
7
Suppose 0*b + 8 = 2*b. Suppose -b*w + 8 = -0*s + 4*s, -2*s = -w + 2. Let r(t) = 4*t - 2 + w - t**2. Give r(5).
-5
Let u(z) = z**2 + 2*z + 1. Let a(c) = 2*c. Let o be a(1). Let d(r) = -2*r + 0 + 5 - 2 - r. Let g be d(o). What is u(g)?
4
Let o be ((0 - 0)/2)/1. Let x = o + -3. Let j(i) = 2*i - 2. Determine j(x).
-8
Let t(w) = 4. Let g(b) = b. Let a(n) = -4*g(n) - t(n). Let z be ((-6)/4)/((-2)/(-4)). Determine a(z).
8
Let a(u) = u**3 + 4*u. Let o(z) = -z**3 - 3*z + 1. Let c(n) = 3*a(n) + 4*o(n). Let j(g) = -g**2 - 7*g - 6. Let p be j(-6). Calculate c(p).
4
Let b(w) = 6*w**2 - 2*w + 1. Let o(k) = k - 4. Let g be o(7). Let c be 0 + g*2/6. Give b(c).
5
Suppose 3*g - 3 = 3. Let b(f) = -f - 2. Give b(g).
-4
Let r(c) = 2*c**3 + c**2 - 2*c + 1. Suppose -2*w + 11 = -4*x - w, x + w = 1. What is r(x)?
-7
Let a(q) = 9*q**3 - q**2. Let o be (10 + 0)/((-18)/(-9)). Suppose o*v = -8 + 3. Determine a(v).
-10
Let l(t) = t**2. Let j be 7 - (0/2 - -1). Let c be -3*((3 - j) + 4). What is l(c)?
9
Let x(d) = -2*d**3 + 14*d**2 - 2*d + 10. Let g be x(7). Let b(o) = 3 + 0*o - 2 + o. Calculate b(g).
-3
Let y(a) = a**3 + 9*a**2 + 7*a - 5. Suppose 0 = -3*t - 5*w - 29, -4*t - 5*w - 4 - 33 = 0. Let i be y(t). Let v(r) = r - 3. Calculate v(i).
0
Let l(d) = d**3 - 12*d**2 + 11*d - 8. Let y be l(11). Let q(f) = f**2 + 10*f + 9. Determine q(y).
-7
Suppose 5 = -3*l + 2*l, -5*l - 30 = 5*u. Let a(o) = 3*o**2 - 1. Give a(u).
2
Let p(i) be the first derivative of 2*i**2 - 2. Let x = -15 + 16. What is p(x)?
4
Let h(u) be the second derivative of -3*u + 0 + 4/3*u**3 + 1/2*u**2. Let r(n) = n + 5. Let l be r(-6). What is h(l)?
-7
Suppose 2 = -b - 1, -3*s + 2*b = -15. Let o(i) = 3*i**s + i**3 - 1 + 0*i**3 + i**3. Calculate o(-1).
-6
Let r(c) be the third derivative of -1/24*c**4 + 0 - 4*c**2 + 0*c - 1/2*c**3. Determine r(-5).
2
Let j(p) = 63 - 4*p - p**2 - p - 60. Let k(l) = l - 11. Let u be k(5). Determine j(u).
-3
Let c(q) = 3*q**2 - 2*q - 2. Let k be c(2). Let z be 3/((k/(-4))/(-1)). Let t(x) = 1 - 4*x - 4*x - z. What is t(1)?
-9
Let y(g) = -2*g + 2. Let k be y(2). Let w be k*(-2 - 18/(-4)). Let x(m) = -1. Let u(t) = -t - 7. Let a(d) = u(d) + 3*x(d). Give a(w).
-5
Let h = 5 - -1. Let v be (2 - 2)*3/h. Let x(a) = 1 - 1 - a. Calculate x(v).
0
Let i(j) = 2*j**2 + j + 11*j**2 - 9*j**2 - j**3. Determine i(4).
4
Let a(v) = -v - 7. Suppose 0 = -6*g + g - 30. Determine a(g).
-1
Let d(y) = -y**2 + 9*y - 6. Let i be d(8). Let f(x) = -4*x**2 + 2*x + 2. Determine f(i).
-10
Let p(s) be the third derivative of s**6/120 - s**5/15 - s**4/4 + 2*s**3/3 - 3*s**2. What is p(5)?
-1
Let s(z) = -8*z**2 - z**2 + 2*z**2 + 9 - 6*z + 6*z**2. Calculate s(-8).
-7
Let r = 4 - 2. Suppose -2*f + r = -f. Let p(c) = -c + 4. Calculate p(f).
2
Let q(b) = 5*b**2 + 1. Let l be (-2)/(-10) - (-48)/(-40). Determine q(l).
6
Let n(b) be the third derivative of -b**8/3360 + b**6/720 - b**5/120 + 5*b**4/24 - b**2. Let f(x) be the second derivative of n(x). Calculate f(-2).
13
Let s(f) be the second derivative of -f**4/3 + 5*f**3/6 - 3*f**2/2 + 4*f. Calculate s(3).
-24
Let q(g) = -3 + 2*g - 4*g - 1 + 0*g. Let y(f) = f + 1. Let x(i) = q(i) + 4*y(i). Calculate x(3).
6
Let i(t) = 0 + t**3 + 5*t**2 - 2*t + 7 + 2*t. Calculate i(-5).
7
Let g(o) = 6*o**3 + 2*o**2 + 2*o + 1. Let z(p) = p**2 - 3*p + 2. Let d be z(3). Suppose d*n + 3 = -n. Determine g(n).
-5
Let t = 20 - 28. Suppose 4*h = 5*k + 3*h - 26, -4*k + h = -21. Let x = t + k. Let w(o) = 2*o + 2. What is w(x)?
-4
Let n(p) = -p**3 - p**2 + 3*p - 3. Let l = -3 - -5. What is n(l)?
-9
Let t(s) = -s**3 + 8*s**2 - 5*s - 3. Let k be -7*1*(-3 + -1 + 3). Calculate t(k).
11
Let y = -2 + 4. Suppose -5*u = y*j + 3, -j = -u + 9 - 4. Let s(i) = 3*i - 4 - 5*i + u - i**2. Determine s(-2).
-3
Let l be (-6)/(-9)*3/(-2). Let i(m) = -4*m**2 + 5*m**3 + 3*m**2 - 4*m**3 - 5*m**3. What is i(l)?
3
Let y(x) = 2*x - 3. Let b be (-4)/(-10) + (-980)/(-50). Suppose -j - b = 4*j. Calculate y(j).
-11
Let j(y) = -y**3 + y + 2. Let q be -3*((-2)/(-1))/(-6 - -3). Determine j(q).
-4
Let q be (-81)/(-12) + 2/8. Let m(u) = -u + 6*u**2 + q - u**3 + 1 + 0. What is m(6)?
2
Suppose 0 = -3*c + j + 3, -3*c = j - 0*j - 9. Let h(q) = -2*q**c - 1 + 6*q**2 - 3*q**2 + 6*q. Give h(-5).
-6
Let v = 18 - 24. Let m(j) = j + 4. Determine m(v).
-2
Let l = -18 - -12. Let u(w) = -w**2 - 6*w + 3. Calculate u(l).
3
Let x(g) = g**2 - 4*g. Suppose -3*k + 11 + 9 = -2*d, -5*k - 4*d = -4. Give x(k).
0
Let w(r) = 3*r + 4. Let i(u) = -3*u + 2 + 3*u**2 + 5 - 4. Let c be i(2). Suppose 0 = 4*b - 3*z + c, 0*b + 4*b + 13 = -z. Give w(b).
-5
Let i = -7 + 11. Let y(o) be the third derivative of 0 + 1/24*o**i + 0*o - 1/2*o**3 - o**2. Calculate y(-3).
-6
Let d(z) = 7*z - 2 - 13*z**3 + 5 + 3*z + 4*z**2 - 5*z. Let u(b) = -7*b**3 + 2*b**2 + 2*b + 1. Let o(m) = -2*d(m) + 5*u(m). Give o(1).
-8
Let c(x) = x. Let a be (-3)/(39/12 - 4). Let k be c(a). Let z(y) be the second derivative of y**3/2 - 2*y**2 + y. Give z(k).
8
Suppose 0 = -i + 3*g + 2, -5*i - 5*g + 5 = -5. Let v(n) = n + 7 + n**2 - 6*n**2 + 4*n**i - 8. Calculate v(0).
-1
Let s(w) = -2*w + 0*w**2 + 18 - 14 - w - w**2. Let t = 3 - 4. Let l = t + -2. What is s(l)?
4
Let o be 1 - (-1*2 + -1). Let f(v) = v**2 - 7*v - 6. Let w be f(8). Let t(z) = 4*z + 10 - z - w*z - 5. Give t(o).
9
Suppose 3*t + 6 = -0*t. Let c(l) = 3*l. Calculate c(t).
-6
Let r(t) = t**3 + 9*t**2 + 6*t - 9. Let s = -129 + 121. Give r(s).
7
Let c(p) = -p**2 - 4*p - 3. Let a be (4 + (-4)/2)*-3. Calculate c(a).
-15
Suppose f - 2 = -3*j, 6 - 4 = 2*j + f. Suppose j = -5*t + 4*t + 2. Suppose t*z = -z. Let y(s) = s**2 + s + 1. Calculate y(z).
1
Let w(d) = -d**3 + d**2 - 4*d + 2. Let p(i) = -5*i**3 + 5*i**2 - 16*i + 9. Let m(z) = 2*p(z) - 9*w(z). Give m(3).
-6
Let l(p) = -7*p**2 + 8*p - 3. Let h(a) = -3*a**2 + 4*a - 2. Let k(c) = 5*h(c) - 2*l(c). Suppose 0 = -2*q - 0 + 6. What is k(q)?
-1
Let u(d) = -d**3 + 3*d**2 - 3*d + 2. Let y(t) = 4*t. Let h be y(3). Let r = h - 9. What is u(r)?
-7
Let r(v) = -v - 3. Suppose 4*q + 6 = -10. Calculate r(q).
1
Let x(t) be the first derivative of t**6/360 + t**5/30 + t**4/24 - 2*t**3 - 5. Let g(h) be the third derivative of x(h). What is g(-4)?
1
Let c(k) = k**3 + k**2 + k - 5. Suppose r - w = 6, -3*w + 11 = 2*r + 4. Let d = r + -5. Determine c(d).
-5
Let o = -6 - -4. Let v(j) = -7*j - 1. Let h(a) = -20*a - 3. Let f be 2/((-6)/(-153)*3). Let t(w) = f*v(w) - 6*h(w). Give t(o).
-1
Suppose 4*q + p + 2 = 2*q, 3*q = 4*p - 3. Let v(k) = -7*k**2 + 1. Give v(q).
-6
Suppose 0 = 4*m + 11 + 5. Let o(c) = -c**2 - 4*c - 6. Calculate o(m).
-6
Let p be (-1)/(-3) - 10/(-6). Suppose -2*x = -x - p. Let a(z) = -2*z**2 + 1 + 3*z + z**2 - 2 + 0*z**2. What is a(x)?
1
Let f be ((-2)/4)/(3/(-90)). Suppose 5*a = -6*g + 4*g - 1, 2*a - f = -3*g. Let x = -2 + g. Let o(w) = -w**3 + 4*w**2 + 4*w - 3. Give o(x).
-8
Let v(h) = 5*h - 13. Let l(b) = 3*b - 9. Let s(u) = -8*l(u) + 5*v(u). What is s(-5)?
2
Let i(u) = u - 1. Let r be (-4 + 5)/(2/(-12)). Let n(q) = q**2 + 6*q - 6. Let d be n(r). Let b(k) = k - 7. Let o(p) = d*i(p) + b(p). What is o(-1)?
4
Let a(l) be the third derivative of -l**8/6720 + l**7/504 + l**6/90 - l**5/15 + l**4/12 - 3*l**2. Let s(d) be the second derivative of a(d). What is s(6)?
4
Let j be 8 - (-1)/(-1) - (77 + -73). Let p(c) = c**3 - 4*c**2 + 2*c + 4. What is p(j)?
1
Let c = 3 + 0. Suppose 0 = v + c*h + 2, -3*h - 4 = -3*v - 7*h. Suppose -4 = 2*x + v. Let d(f) = f**2 + 5*f - 1. Give d(x).
-5
Let i be (-4)/(-18) + 1